ainder when 207 is divided by 35?
32
Calculate the remainder when 117 is divided by 20.
17
Calculate the remainder when 163 is divided by 59.
45
Calculate the remainder when 69 is divided by 17.
1
Calculate the remainder when 134 is divided by 23.
19
What is the remainder when 1182 is divided by 22?
16
Calculate the remainder when 1222 is divided by 395.
37
Calculate the remainder when 12 is divided by 2.
0
Calculate the remainder when 624 is divided by 57.
54
What is the remainder when 561 is divided by 9?
3
What is the remainder when 12447 is divided by 15?
12
What is the remainder when 304 is divided by 61?
60
What is the remainder when 413 is divided by 52?
49
Calculate the remainder when 1956 is divided by 35.
31
Calculate the remainder when 89 is divided by 13.
11
Calculate the remainder when 912 is divided by 9.
3
What is the remainder when 364 is divided by 93?
85
Calculate the remainder when 272 is divided by 40.
32
Calculate the remainder when 26 is divided by 12.
2
What is the remainder when 11311 is divided by 16?
15
Calculate the remainder when 542 is divided by 32.
30
Calculate the remainder when 40 is divided by 8.
0
What is the remainder when 2750 is divided by 43?
41
Calculate the remainder when 970 is divided by 12.
10
What is the remainder when 2683 is divided by 158?
155
What is the remainder when 1873 is divided by 111?
97
Calculate the remainder when 20369 is divided by 61.
56
What is the remainder when 163 is divided by 17?
10
What is the remainder when 884 is divided by 5?
4
Calculate the remainder when 6015 is divided by 47.
46
What is the remainder when 50773 is divided by 22?
19
What is the remainder when 2528 is divided by 230?
228
What is the remainder when 17420 is divided by 132?
128
What is the remainder when 1072 is divided by 37?
36
Calculate the remainder when 1052 is divided by 24.
20
Calculate the remainder when 446 is divided by 112.
110
What is the remainder when 271 is divided by 68?
67
What is the remainder when 2032 is divided by 97?
92
Calculate the remainder when 653 is divided by 62.
33
Calculate the remainder when 670 is divided by 21.
19
What is the remainder when 2342 is divided by 129?
20
Calculate the remainder when 5125 is divided by 19.
14
Calculate the remainder when 5170 is divided by 199.
195
What is the remainder when 580 is divided by 59?
49
Calculate the remainder when 393 is divided by 80.
73
Calculate the remainder when 94 is divided by 23.
2
Calculate the remainder when 132 is divided by 35.
27
What is the remainder when 127 is divided by 48?
31
Calculate the remainder when 151 is divided by 19.
18
Calculate the remainder when 829 is divided by 83.
82
Calculate the remainder when 403 is divided by 7.
4
Calculate the remainder when 605 is divided by 33.
11
Calculate the remainder when 206 is divided by 42.
38
Calculate the remainder when 98 is divided by 48.
2
What is the remainder when 298 is divided by 12?
10
Calculate the remainder when 257 is divided by 20.
17
Calculate the remainder when 564 is divided by 104.
44
Calculate the remainder when 152 is divided by 79.
73
Calculate the remainder when 45 is divided by 11.
1
Calculate the remainder when 194 is divided by 22.
18
Calculate the remainder when 268 is divided by 65.
8
Calculate the remainder when 566 is divided by 558.
8
Calculate the remainder when 3760 is divided by 71.
68
Calculate the remainder when 73 is divided by 37.
36
Calculate the remainder when 3882 is divided by 24.
18
Calculate the remainder when 154 is divided by 34.
18
What is the remainder when 21968 is divided by 5?
3
What is the remainder when 4658 is divided by 245?
3
Calculate the remainder when 126 is divided by 44.
38
Calculate the remainder when 139 is divided by 13.
9
Calculate the remainder when 142 is divided by 16.
14
What is the remainder when 289 is divided by 3?
1
What is the remainder when 133 is divided by 14?
7
Calculate the remainder when 17 is divided by 4.
1
What is the remainder when 67 is divided by 24?
19
Calculate the remainder when 6432 is divided by 15.
12
Calculate the remainder when 80 is divided by 72.
8
What is the remainder when 80 is divided by 21?
17
Calculate the remainder when 1244 is divided by 83.
82
What is the remainder when 1726 is divided by 54?
52
What is the remainder when 555 is divided by 43?
39
Calculate the remainder when 8355 is divided by 11.
6
What is the remainder when 771 is divided by 44?
23
Calculate the remainder when 5130 is divided by 48.
42
What is the remainder when 239 is divided by 38?
11
Calculate the remainder when 25 is divided by 9.
7
Calculate the remainder when 246 is divided by 91.
64
Calculate the remainder when 187 is divided by 56.
19
Calculate the remainder when 2518 is divided by 20.
18
Calculate the remainder when 13860 is divided by 58.
56
Calculate the remainder when 19688 is divided by 9844.
0
What is the remainder when 283 is divided by 146?
137
Calculate the remainder when 1261 is divided by 157.
5
What is the remainder when 162 is divided by 94?
68
What is the remainder when 235 is divided by 43?
20
Calculate the remainder when 4010 is divided by 68.
66
Calculate the remainder when 2087 is divided by 8.
7
What is the remainder when 560 is divided by 2?
0
What is the remainder when 676 is divided by 65?
26
Calculate the remainder when 515 is divided by 176.
163
What is the remainder when 496 is divided by 232?
32
What is the remainder when 1090 is divided by 26?
24
Calculate the remainder when 798 is divided by 118.
90
Calculate the remainder when 838 is divided by 30.
28
Calculate the remainder when 130 is divided by 49.
32
Calculate the remainder when 2096 is divided by 75.
71
Calculate the remainder when 209 is divided by 15.
14
What is the remainder when 422 is divided by 421?
1
Calculate the remainder when 1559 is divided by 23.
18
What is the remainder when 2926 is divided by 61?
59
Calculate the remainder when 893 is divided by 7.
4
What is the remainder when 417 is divided by 248?
169
What is the remainder when 6417 is divided by 291?
15
Calculate the remainder when 2345 is divided by 94.
89
What is the remainder when 105 is divided by 66?
39
Calculate the remainder when 378 is divided by 193.
185
Calculate the remainder when 6862 is divided by 176.
174
Calculate the remainder when 4 is divided by 1.
0
Calculate the remainder when 93 is divided by 30.
3
What is the remainder when 53 is divided by 28?
25
What is the remainder when 3497 is divided by 3495?
2
What is the remainder when 1882 is divided by 29?
26
What is the remainder when 263 is divided by 8?
7
Calculate the remainder when 948 is divided by 38.
36
What is the remainder when 685 is divided by 86?
83
What is the remainder when 1588 is divided by 248?
100
Calculate the remainder when 1199 is divided by 60.
59
What is the remainder when 335 is divided by 1?
0
Calculate the remainder when 7892 is divided by 56.
52
Calculate the remainder when 147 is divided by 73.
1
What is the remainder when 513 is divided by 135?
108
What is the remainder when 279 is divided by 29?
18
What is the remainder when 5797 is divided by 2?
1
Calculate the remainder when 332 is divided by 20.
12
What is the remainder when 1260 is divided by 44?
28
What is the remainder when 144 is divided by 37?
33
Calculate the remainder when 347 is divided by 84.
11
What is the remainder when 474 is divided by 96?
90
What is the remainder when 1081 is divided by 17?
10
What is the remainder when 1047 is divided by 10?
7
Calculate the remainder when 22 is divided by 22.
0
Calculate the remainder when 13374 is divided by 176.
174
Calculate the remainder when 35 is divided by 3.
2
What is the remainder when 86 is divided by 15?
11
What is the remainder when 227 is divided by 12?
11
Calculate the remainder when 5251 is divided by 51.
49
Calculate the remainder when 2848 is divided by 95.
93
Calculate the remainder when 367 is divided by 23.
22
What is the remainder when 304 is divided by 86?
46
What is the remainder when 42 is divided by 7?
0
What is the remainder when 402 is divided by 9?
6
Calculate the remainder when 16850 is divided by 19.
16
What is the remainder when 826 is divided by 71?
45
Calculate the remainder when 288 is divided by 60.
48
Wh